{"id":709,"date":"2026-04-05T05:33:29","date_gmt":"2026-04-05T05:33:29","guid":{"rendered":"https:\/\/amnhactutraitim.azdigi.shop\/?post_type=product&#038;p=709"},"modified":"2026-04-05T09:29:32","modified_gmt":"2026-04-05T09:29:32","slug":"bau-troi-moi-da-lab","status":"publish","type":"product","link":"https:\/\/amnhactutraitim.azdigi.shop\/index.php\/san-pham\/bau-troi-moi-da-lab\/","title":{"rendered":"\u0110\u0129a than B\u1ea7u Tr\u1eddi M\u1edbi \u2013 Da LAB ch\u00ednh h\u00e3ng \/ VINYL VPOP"},"content":{"rendered":"<p><img loading=\"lazy\" decoding=\"async\" class=\"alignnone size-medium wp-image-710\" src=\"https:\/\/amnhactutraitim.azdigi.shop\/wp-content\/uploads\/2026\/04\/Screenshot-2026-04-05-122147-300x208.png\" alt=\"\" width=\"300\" height=\"208\" srcset=\"https:\/\/amnhactutraitim.azdigi.shop\/wp-content\/uploads\/2026\/04\/Screenshot-2026-04-05-122147-300x208.png 300w, https:\/\/amnhactutraitim.azdigi.shop\/wp-content\/uploads\/2026\/04\/Screenshot-2026-04-05-122147-1024x708.png 1024w, https:\/\/amnhactutraitim.azdigi.shop\/wp-content\/uploads\/2026\/04\/Screenshot-2026-04-05-122147-768x531.png 768w, https:\/\/amnhactutraitim.azdigi.shop\/wp-content\/uploads\/2026\/04\/Screenshot-2026-04-05-122147-600x415.png 600w, https:\/\/amnhactutraitim.azdigi.shop\/wp-content\/uploads\/2026\/04\/Screenshot-2026-04-05-122147.png 1071w\" sizes=\"auto, (max-width: 300px) 100vw, 300px\" \/><\/p>\n<h2 data-section-id=\"15i099u\" data-start=\"110\" data-end=\"162\"><span dir=\"auto\" style=\"vertical-align: inherit;\"><span dir=\"auto\" style=\"vertical-align: inherit;\">B\u1ea7u Tr\u1eddi M\u1edbi Da LAB \u2013 \u0111\u0129a vinyl Vpop gi\u00e0u c\u1ea3m x\u00fac<\/span><\/span><\/h2>\n<p data-start=\"164\" data-end=\"453\"><strong data-start=\"164\" data-end=\"189\"><span dir=\"auto\" style=\"vertical-align: inherit;\"><span dir=\"auto\" style=\"vertical-align: inherit;\">B\u1ea7u Tr\u1eddi M\u1edbi \u2013 Da LAB<\/span><\/span><\/strong><span dir=\"auto\" style=\"vertical-align: inherit;\"><span dir=\"auto\" style=\"vertical-align: inherit;\"> l\u00e0 s\u1ea3n ph\u1ea9m vinyl d\u00e0nh ri\u00eang cho nh\u1eefng ng\u01b0\u1eddi y\u00eau nh\u1ea1c Vi\u1ec7t v\u00e0 y\u00eau tr\u1ea3i nghi\u1ec7m \u00e2m nh\u1ea1c ch\u00e2n th\u1eadt. Ca kh\u00fac mang giai \u0111i\u1ec7u nh\u1eb9 nh\u00e0ng, s\u00e2u l\u1eafng v\u00e0 d\u1ec5 ch\u1ea1m \u0111\u1ebfn c\u1ea3m x\u00fac ng\u01b0\u1eddi nghe. \u0110\u00e2y l\u00e0 l\u1ef1a ch\u1ecdn ph\u00f9 h\u1ee3p cho nh\u1eefng ai y\u00eau th\u00edch Vpop v\u00e0 mu\u1ed1n l\u01b0u gi\u1eef \u00e2m nh\u1ea1c theo c\u00e1ch c\u1ed5 \u0111i\u1ec3n.<\/span><\/span><\/p>\n<p data-start=\"455\" data-end=\"657\"><span dir=\"auto\" style=\"vertical-align: inherit;\"><span dir=\"auto\" style=\"vertical-align: inherit;\">Kh\u00f4ng ch\u1ec9 l\u00e0 m\u1ed9t b\u00e0i h\u00e1t, s\u1ea3n ph\u1ea9m n\u00e0y c\u00f2n mang gi\u00e1 tr\u1ecb s\u01b0u t\u1ea7m. Vi\u1ec7c s\u1edf h\u1eefu m\u1ed9t chi\u1ebfc \u0111\u0129a vinyl gi\u00fap ng\u01b0\u1eddi nghe k\u1ebft n\u1ed1i v\u1edbi \u00e2m nh\u1ea1c r\u00f5 r\u00e0ng h\u01a1n. V\u00ec v\u1eady, \u0111\u00e2y kh\u00f4ng ch\u1ec9 l\u00e0 \u0111\u0129a nh\u1ea1c m\u00e0 c\u00f2n l\u00e0 m\u1ed9t ph\u1ea7n k\u00fd \u1ee9c.<\/span><\/span><\/p>\n<h2 data-section-id=\"15ta2ji\" data-start=\"664\" data-end=\"714\"><span dir=\"auto\" style=\"vertical-align: inherit;\"><span dir=\"auto\" style=\"vertical-align: inherit;\">Tr\u1ea3i nghi\u1ec7m nghe B\u1ea7u Tr\u1eddi M\u1edbi Da LAB tr\u00ean vinyl<\/span><\/span><\/h2>\n<p data-start=\"716\" data-end=\"896\"><span dir=\"auto\" style=\"vertical-align: inherit;\"><span dir=\"auto\" style=\"vertical-align: inherit;\">Nghe <\/span><\/span><strong data-start=\"721\" data-end=\"746\"><span dir=\"auto\" style=\"vertical-align: inherit;\"><span dir=\"auto\" style=\"vertical-align: inherit;\">B\u1ea7u Tr\u1eddi M\u1edbi \u2013 Da LAB<\/span><\/span><\/strong><span dir=\"auto\" style=\"vertical-align: inherit;\"><span dir=\"auto\" style=\"vertical-align: inherit;\"> tr\u00ean vinyl mang l\u1ea1i c\u1ea3m gi\u00e1c r\u1ea5t kh\u00e1c. \u00c2m thanh \u1ea5m \u00e1p v\u00e0 c\u00f3 chi\u1ec1u s\u00e2u h\u01a1n so v\u1edbi \u00e2m nh\u1ea1c. M\u1ed7i v\u00f2ng quay c\u1ee7a \u0111\u0129a t\u1ea1o ra tr\u1ea3i nghi\u1ec7m ch\u1eadm r\u00e3i v\u00e0 tinh t\u1ebf.<\/span><\/span><\/p>\n<p data-start=\"898\" data-end=\"1104\"><span dir=\"auto\" style=\"vertical-align: inherit;\"><span dir=\"auto\" style=\"vertical-align: inherit;\">Ngo\u00e0i ra, vi\u1ec7c \u0111\u1eb7t kim v\u00e0o \u0111\u0129a c\u0169ng l\u00e0 m\u1ed9t ph\u1ea7n tr\u1ea3i nghi\u1ec7m c\u1ee7a b\u1ea1n. Ng\u01b0\u1eddi nghe kh\u00f4ng ch\u1ec9 nghe nh\u1ea1c. H\u1ecd v\u1eabn \u201cch\u1ea1m\u201d v\u00e0o \u00e2m nh\u1ea1c theo \u0111\u00fang ngh\u0129a. \u0110\u00e2y l\u00e0 \u0111i\u1ec3m \u0111\u1eb7c bi\u1ec7t c\u1ee7a vinyl m\u00e0 c\u00e1c \u0111\u1ecbnh d\u1ea1ng kh\u00e1c kh\u00f3 thay th\u1ebf.<\/span><\/span><\/p>\n<h2 data-section-id=\"1db9kmz\" data-start=\"1111\" data-end=\"1147\"><span dir=\"auto\" style=\"vertical-align: inherit;\"><span dir=\"auto\" style=\"vertical-align: inherit;\">Vinyl Vpop d\u00e0nh cho ng\u01b0\u1eddi s\u01b0u t\u1ea7m<\/span><\/span><\/h2>\n<p data-start=\"1149\" data-end=\"1278\"><span dir=\"auto\" style=\"vertical-align: inherit;\"><span dir=\"auto\" style=\"vertical-align: inherit;\">S\u1ea3n ph\u1ea9m ph\u00f9 h\u1ee3p v\u1edbi nh\u1eefng ai y\u00eau th\u00edch s\u01b0u t\u1ea7m \u0111\u0129a nh\u1ea1c Vi\u1ec7t. \u0110\u1eb7c bi\u1ec7t l\u00e0 nh\u1eefng ng\u01b0\u1eddi y\u00eau th\u00edch phong c\u00e1ch c\u1ed5 \u0111i\u1ec3n v\u00e0 \u00e2m thanh analog.<\/span><\/span><\/p>\n<p data-start=\"1280\" data-end=\"1426\"><span dir=\"auto\" style=\"vertical-align: inherit;\"><span dir=\"auto\" style=\"vertical-align: inherit;\">\u0110\u0129a vinyl kh\u00f4ng ch\u1ec9 \u0111\u1ec3 nghe. N\u00f3 c\u00f2n c\u00f3 th\u1ec3 tr\u01b0ng b\u00e0y ho\u1eb7c t\u1eb7ng qu\u00e0. V\u00ec v\u1eady, \u0111\u00e2y l\u00e0 l\u1ef1a ch\u1ecdn ph\u00f9 h\u1ee3p cho ng\u01b0\u1eddi y\u00eau \u00e2m nh\u1ea1c c\u00f3 gu th\u1ea9m m\u1ef9 ri\u00eang.<\/span><\/span><\/p>\n<h2 data-section-id=\"uat2ee\" data-start=\"1433\" data-end=\"1480\"><span dir=\"auto\" style=\"vertical-align: inherit;\"><span dir=\"auto\" style=\"vertical-align: inherit;\">Th\u00f4ng tin s\u1ea3n ph\u1ea9m B\u1ea7u Tr\u1eddi M\u1edbi Da LAB vinyl<\/span><\/span><\/h2>\n<ul data-start=\"1482\" data-end=\"1631\">\n<li data-section-id=\"4aduro\" data-start=\"1482\" data-end=\"1501\"><span dir=\"auto\" style=\"vertical-align: inherit;\"><span dir=\"auto\" style=\"vertical-align: inherit;\">Ngh\u1ec7 s\u0129: Da LAB<\/span><\/span><\/li>\n<li data-section-id=\"110oahp\" data-start=\"1502\" data-end=\"1532\"><span dir=\"auto\" style=\"vertical-align: inherit;\"><span dir=\"auto\" style=\"vertical-align: inherit;\">T\u00ean s\u1ea3n ph\u1ea9m: B\u1ea7u Tr\u1eddi M\u1edbi<\/span><\/span><\/li>\n<li data-section-id=\"aq2a4n\" data-start=\"1533\" data-end=\"1553\"><span dir=\"auto\" style=\"vertical-align: inherit;\"><span dir=\"auto\" style=\"vertical-align: inherit;\">\u0110\u1ecbnh d\u1ea1ng: Vinyl<\/span><\/span><\/li>\n<li data-section-id=\"19739z3\" data-start=\"1554\" data-end=\"1572\"><span dir=\"auto\" style=\"vertical-align: inherit;\"><span dir=\"auto\" style=\"vertical-align: inherit;\">Th\u1ec3 lo\u1ea1i: Vpop<\/span><\/span><\/li>\n<li data-section-id=\"obwtst\" data-start=\"1573\" data-end=\"1592\"><span dir=\"auto\" style=\"vertical-align: inherit;\"><span dir=\"auto\" style=\"vertical-align: inherit;\">T\u00ecnh y\u00eau: M\u1edbi<\/span><\/span><\/li>\n<li data-section-id=\"alhgg1\" data-start=\"1593\" data-end=\"1631\"><span dir=\"auto\" style=\"vertical-align: inherit;\"><span dir=\"auto\" style=\"vertical-align: inherit;\">Ph\u00e2n ph\u1ed1i: Lovmusikal (t\u1eeb 2007)<\/span><\/span><\/li>\n<\/ul>\n<h2 data-section-id=\"p0n19y\" data-start=\"1638\" data-end=\"1678\"><span dir=\"auto\" style=\"vertical-align: inherit;\"><span dir=\"auto\" style=\"vertical-align: inherit;\">V\u00ec sao n\u00ean ch\u1ecdn vinyl t\u1ea1i Lovmusikal?<\/span><\/span><\/h2>\n<p data-start=\"1680\" data-end=\"1803\"><span dir=\"auto\" style=\"vertical-align: inherit;\"><span dir=\"auto\" style=\"vertical-align: inherit;\">Lovmusikal l\u00e0 c\u1eeda h\u00e0ng chuy\u00ean v\u1ec1 vinyl v\u1edbi phong c\u00e1ch c\u1ed5 \u0111i\u1ec3n. Shop ho\u1ea1t \u0111\u1ed9ng t\u1eeb n\u0103m 2007 v\u00e0 t\u1eadp trung v\u00e0o tr\u1ea3i nghi\u1ec7m \u00e2m nh\u1ea1c.<\/span><\/span><\/p>\n<p data-start=\"1805\" data-end=\"1843\"><span dir=\"auto\" style=\"vertical-align: inherit;\"><span dir=\"auto\" style=\"vertical-align: inherit;\">Khi mua t\u1ea1i Lovmusikal, b\u1ea1n \u0111\u00e3 nh\u1eadn \u0111\u01b0\u1ee3c:<\/span><\/span><\/p>\n<ul data-start=\"1845\" data-end=\"1996\">\n<li data-section-id=\"k16kzi\" data-start=\"1845\" data-end=\"1882\"><span dir=\"auto\" style=\"vertical-align: inherit;\"><span dir=\"auto\" style=\"vertical-align: inherit;\">Ch\u1ea5t l\u01b0\u1ee3ng vinyl, ph\u00f9 h\u1ee3p s\u01b0u t\u1ea7m<\/span><\/span><\/li>\n<li data-section-id=\"1qxxi9b\" data-start=\"1883\" data-end=\"1916\"><span dir=\"auto\" style=\"vertical-align: inherit;\"><span dir=\"auto\" style=\"vertical-align: inherit;\">Tr\u1ea3i nghi\u1ec7m \u00e2m nh\u1ea1c ch\u00e2n th\u1eadt<\/span><\/span><\/li>\n<li data-section-id=\"x1hb2b\" data-start=\"1917\" data-end=\"1949\"><span dir=\"auto\" style=\"vertical-align: inherit;\"><span dir=\"auto\" style=\"vertical-align: inherit;\">C\u1ee5 th\u1ec3 v\u1ec1 phong c\u00e1ch c\u1ed5 \u0111i\u1ec3n<\/span><\/span><\/li>\n<li data-section-id=\"10yuueq\" data-start=\"1950\" data-end=\"1996\"><span dir=\"auto\" style=\"vertical-align: inherit;\"><span dir=\"auto\" style=\"vertical-align: inherit;\">Tuy\u1ec3n ch\u1ecdn \u0111a d\u1ea1ng t\u1eeb Vpop, Kpop \u0111\u1ebfn US-UK<\/span><\/span><\/li>\n<\/ul>\n<p>&nbsp;<\/p>\n<p>&nbsp;<\/p>\n","protected":false},"excerpt":{"rendered":"<p>&nbsp;<\/p>\n<p>https:\/\/open.spotify.com\/track\/7fCeYpR02Q8JVuD88hJZVT<\/p>\n<p data-start=\"284\" data-end=\"496\"><strong data-start=\"284\" data-end=\"309\"><span dir=\"auto\" style=\"vertical-align: inherit;\"><span dir=\"auto\" style=\"vertical-align: inherit;\">B\u1ea7u Tr\u1eddi M\u1edbi \u2013 Da LAB<\/span><\/span><\/strong><span dir=\"auto\" style=\"vertical-align: inherit;\"><span dir=\"auto\" style=\"vertical-align: inherit;\"> l\u00e0 ca kh\u00fac Vpop gi\u00e0u c\u1ea3m x\u00fac, nay c\u00f3 m\u1eb7t d\u01b0\u1edbi d\u1ea1ng <\/span><\/span><strong data-start=\"361\" data-end=\"376\"><span dir=\"auto\" style=\"vertical-align: inherit;\"><span dir=\"auto\" style=\"vertical-align: inherit;\">vinyl v\u00e0 CD<\/span><\/span><\/strong><span dir=\"auto\" style=\"vertical-align: inherit;\"><span dir=\"auto\" style=\"vertical-align: inherit;\"> t\u1ea1i Lovmusikal. <\/span><\/span><br data-start=\"392\" data-end=\"395\" \/><span dir=\"auto\" style=\"vertical-align: inherit;\"><span dir=\"auto\" style=\"vertical-align: inherit;\">\u00c2m thanh \u1ea5m \u00e1p, r\u00f5 r\u00e0ng v\u00e0 mang l\u1ea1i tr\u1ea3i nghi\u1ec7m nghe nh\u1ea1c ch\u00e2n th\u1eadt. <\/span><\/span><br data-start=\"455\" data-end=\"458\" \/><span dir=\"auto\" style=\"vertical-align: inherit;\"><span dir=\"auto\" style=\"vertical-align: inherit;\">Ph\u00f9 h\u1ee3p cho ng\u01b0\u1eddi y\u00eau nh\u1ea1c v\u00e0 s\u01b0u t\u1ea7m.<\/span><\/span><\/p>\n","protected":false},"featured_media":713,"comment_status":"open","ping_status":"closed","template":"","meta":[],"product_brand":[],"product_cat":[117,113],"product_tag":[125,123,126,124,122],"class_list":{"0":"post-709","1":"product","2":"type-product","3":"status-publish","4":"has-post-thumbnail","6":"product_cat-da-lab","7":"product_cat-dia-nhac-vpop-vinyl","8":"product_tag-bau-troi-moi","9":"product_tag-da-lab","10":"product_tag-dia-nhac-bau-troi-moi","11":"product_tag-dia-than-da-lab","12":"product_tag-vpop-chinh-hang","14":"first","15":"instock","16":"shipping-taxable","17":"purchasable","18":"product-type-variable","19":"has-default-attributes"},"yoast_head":"<!-- This site is optimized with the Yoast SEO plugin v26.8 - https:\/\/yoast.com\/product\/yoast-seo-wordpress\/ -->\n<title>B\u1ea7u Tr\u1eddi M\u1edbi \u2013 Da LAB Vinyl | Vpop ch\u00ednh h\u00e3ng<\/title>\n<meta name=\"description\" content=\"Mua B\u1ea7u Tr\u1eddi M\u1edbi Da LAB vinyl CD Vpop ch\u00ednh h\u00e3ng t\u1ea1i Lovmusikal. \u00c2m thanh ch\u1ea5t l\u01b0\u1ee3ng, phong c\u00e1ch vintage, ph\u00f9 h\u1ee3p s\u01b0u t\u1ea7m.\" \/>\n<meta name=\"robots\" content=\"index, follow, max-snippet:-1, max-image-preview:large, max-video-preview:-1\" \/>\n<link rel=\"canonical\" href=\"https:\/\/amnhactutraitim.azdigi.shop\/index.php\/san-pham\/bau-troi-moi-da-lab\/\" \/>\n<meta property=\"og:locale\" content=\"vi_VN\" \/>\n<meta property=\"og:type\" content=\"article\" \/>\n<meta property=\"og:title\" content=\"B\u1ea7u Tr\u1eddi M\u1edbi \u2013 Da LAB Vinyl | Vpop ch\u00ednh h\u00e3ng\" \/>\n<meta property=\"og:description\" content=\"Mua B\u1ea7u Tr\u1eddi M\u1edbi Da LAB vinyl CD Vpop ch\u00ednh h\u00e3ng t\u1ea1i Lovmusikal. \u00c2m thanh ch\u1ea5t l\u01b0\u1ee3ng, phong c\u00e1ch vintage, ph\u00f9 h\u1ee3p s\u01b0u t\u1ea7m.\" \/>\n<meta property=\"og:url\" content=\"https:\/\/amnhactutraitim.azdigi.shop\/index.php\/san-pham\/bau-troi-moi-da-lab\/\" \/>\n<meta property=\"og:site_name\" content=\"lovmusikal\" \/>\n<meta property=\"article:modified_time\" content=\"2026-04-05T09:29:32+00:00\" \/>\n<meta property=\"og:image\" content=\"https:\/\/amnhactutraitim.azdigi.shop\/wp-content\/uploads\/2026\/04\/Screenshot-2026-04-05-123141.png\" \/>\n\t<meta property=\"og:image:width\" content=\"1070\" \/>\n\t<meta property=\"og:image:height\" content=\"1044\" \/>\n\t<meta property=\"og:image:type\" content=\"image\/png\" \/>\n<meta name=\"twitter:card\" content=\"summary_large_image\" \/>\n<meta name=\"twitter:label1\" content=\"\u01af\u1edbc t\u00ednh th\u1eddi gian \u0111\u1ecdc\" \/>\n\t<meta name=\"twitter:data1\" content=\"3 ph\u00fat\" \/>\n<script type=\"application\/ld+json\" class=\"yoast-schema-graph\">{\"@context\":\"https:\/\/schema.org\",\"@graph\":[{\"@type\":\"WebPage\",\"@id\":\"https:\/\/amnhactutraitim.azdigi.shop\/index.php\/san-pham\/bau-troi-moi-da-lab\/\",\"url\":\"https:\/\/amnhactutraitim.azdigi.shop\/index.php\/san-pham\/bau-troi-moi-da-lab\/\",\"name\":\"B\u1ea7u Tr\u1eddi M\u1edbi \u2013 Da LAB Vinyl | Vpop ch\u00ednh h\u00e3ng\",\"isPartOf\":{\"@id\":\"https:\/\/amnhactutraitim.azdigi.shop\/#website\"},\"primaryImageOfPage\":{\"@id\":\"https:\/\/amnhactutraitim.azdigi.shop\/index.php\/san-pham\/bau-troi-moi-da-lab\/#primaryimage\"},\"image\":{\"@id\":\"https:\/\/amnhactutraitim.azdigi.shop\/index.php\/san-pham\/bau-troi-moi-da-lab\/#primaryimage\"},\"thumbnailUrl\":\"https:\/\/amnhactutraitim.azdigi.shop\/wp-content\/uploads\/2026\/04\/Screenshot-2026-04-05-123141.png\",\"datePublished\":\"2026-04-05T05:33:29+00:00\",\"dateModified\":\"2026-04-05T09:29:32+00:00\",\"description\":\"Mua B\u1ea7u Tr\u1eddi M\u1edbi Da LAB vinyl CD Vpop ch\u00ednh h\u00e3ng t\u1ea1i Lovmusikal. \u00c2m thanh ch\u1ea5t l\u01b0\u1ee3ng, phong c\u00e1ch vintage, ph\u00f9 h\u1ee3p s\u01b0u t\u1ea7m.\",\"breadcrumb\":{\"@id\":\"https:\/\/amnhactutraitim.azdigi.shop\/index.php\/san-pham\/bau-troi-moi-da-lab\/#breadcrumb\"},\"inLanguage\":\"vi\",\"potentialAction\":[{\"@type\":\"ReadAction\",\"target\":[\"https:\/\/amnhactutraitim.azdigi.shop\/index.php\/san-pham\/bau-troi-moi-da-lab\/\"]}]},{\"@type\":\"ImageObject\",\"inLanguage\":\"vi\",\"@id\":\"https:\/\/amnhactutraitim.azdigi.shop\/index.php\/san-pham\/bau-troi-moi-da-lab\/#primaryimage\",\"url\":\"https:\/\/amnhactutraitim.azdigi.shop\/wp-content\/uploads\/2026\/04\/Screenshot-2026-04-05-123141.png\",\"contentUrl\":\"https:\/\/amnhactutraitim.azdigi.shop\/wp-content\/uploads\/2026\/04\/Screenshot-2026-04-05-123141.png\",\"width\":1070,\"height\":1044},{\"@type\":\"BreadcrumbList\",\"@id\":\"https:\/\/amnhactutraitim.azdigi.shop\/index.php\/san-pham\/bau-troi-moi-da-lab\/#breadcrumb\",\"itemListElement\":[{\"@type\":\"ListItem\",\"position\":1,\"name\":\"Trang ch\u1ee7\",\"item\":\"https:\/\/amnhactutraitim.azdigi.shop\/\"},{\"@type\":\"ListItem\",\"position\":2,\"name\":\"C\u1eeda h\u00e0ng\",\"item\":\"https:\/\/amnhactutraitim.azdigi.shop\/index.php\/cua-hang\/\"},{\"@type\":\"ListItem\",\"position\":3,\"name\":\"\u0110\u0129a than B\u1ea7u Tr\u1eddi M\u1edbi \u2013 Da LAB ch\u00ednh h\u00e3ng \/ VINYL VPOP\"}]},{\"@type\":\"WebSite\",\"@id\":\"https:\/\/amnhactutraitim.azdigi.shop\/#website\",\"url\":\"https:\/\/amnhactutraitim.azdigi.shop\/\",\"name\":\"lovmusikal\",\"description\":\"\",\"publisher\":{\"@id\":\"https:\/\/amnhactutraitim.azdigi.shop\/#\/schema\/person\/6ec643dfb875a76797cf91ad6b84a153\"},\"potentialAction\":[{\"@type\":\"SearchAction\",\"target\":{\"@type\":\"EntryPoint\",\"urlTemplate\":\"https:\/\/amnhactutraitim.azdigi.shop\/?s={search_term_string}\"},\"query-input\":{\"@type\":\"PropertyValueSpecification\",\"valueRequired\":true,\"valueName\":\"search_term_string\"}}],\"inLanguage\":\"vi\"},{\"@type\":[\"Person\",\"Organization\"],\"@id\":\"https:\/\/amnhactutraitim.azdigi.shop\/#\/schema\/person\/6ec643dfb875a76797cf91ad6b84a153\",\"name\":\"ngdiemtrinh\",\"image\":{\"@type\":\"ImageObject\",\"inLanguage\":\"vi\",\"@id\":\"https:\/\/amnhactutraitim.azdigi.shop\/#\/schema\/person\/image\/\",\"url\":\"https:\/\/amnhactutraitim.azdigi.shop\/wp-content\/uploads\/2026\/01\/logo-shop-2.jpg\",\"contentUrl\":\"https:\/\/amnhactutraitim.azdigi.shop\/wp-content\/uploads\/2026\/01\/logo-shop-2.jpg\",\"width\":1024,\"height\":1024,\"caption\":\"ngdiemtrinh\"},\"logo\":{\"@id\":\"https:\/\/amnhactutraitim.azdigi.shop\/#\/schema\/person\/image\/\"},\"sameAs\":[\"https:\/\/amnhactutraitim.azdigi.shop\"]}]}<\/script>\n<!-- \/ Yoast SEO plugin. -->","yoast_head_json":{"title":"B\u1ea7u Tr\u1eddi M\u1edbi \u2013 Da LAB Vinyl | Vpop ch\u00ednh h\u00e3ng","description":"Mua B\u1ea7u Tr\u1eddi M\u1edbi Da LAB vinyl CD Vpop ch\u00ednh h\u00e3ng t\u1ea1i Lovmusikal. \u00c2m thanh ch\u1ea5t l\u01b0\u1ee3ng, phong c\u00e1ch vintage, ph\u00f9 h\u1ee3p s\u01b0u t\u1ea7m.","robots":{"index":"index","follow":"follow","max-snippet":"max-snippet:-1","max-image-preview":"max-image-preview:large","max-video-preview":"max-video-preview:-1"},"canonical":"https:\/\/amnhactutraitim.azdigi.shop\/index.php\/san-pham\/bau-troi-moi-da-lab\/","og_locale":"vi_VN","og_type":"article","og_title":"B\u1ea7u Tr\u1eddi M\u1edbi \u2013 Da LAB Vinyl | Vpop ch\u00ednh h\u00e3ng","og_description":"Mua B\u1ea7u Tr\u1eddi M\u1edbi Da LAB vinyl CD Vpop ch\u00ednh h\u00e3ng t\u1ea1i Lovmusikal. \u00c2m thanh ch\u1ea5t l\u01b0\u1ee3ng, phong c\u00e1ch vintage, ph\u00f9 h\u1ee3p s\u01b0u t\u1ea7m.","og_url":"https:\/\/amnhactutraitim.azdigi.shop\/index.php\/san-pham\/bau-troi-moi-da-lab\/","og_site_name":"lovmusikal","article_modified_time":"2026-04-05T09:29:32+00:00","og_image":[{"width":1070,"height":1044,"url":"https:\/\/amnhactutraitim.azdigi.shop\/wp-content\/uploads\/2026\/04\/Screenshot-2026-04-05-123141.png","type":"image\/png"}],"twitter_card":"summary_large_image","twitter_misc":{"\u01af\u1edbc t\u00ednh th\u1eddi gian \u0111\u1ecdc":"3 ph\u00fat"},"schema":{"@context":"https:\/\/schema.org","@graph":[{"@type":"WebPage","@id":"https:\/\/amnhactutraitim.azdigi.shop\/index.php\/san-pham\/bau-troi-moi-da-lab\/","url":"https:\/\/amnhactutraitim.azdigi.shop\/index.php\/san-pham\/bau-troi-moi-da-lab\/","name":"B\u1ea7u Tr\u1eddi M\u1edbi \u2013 Da LAB Vinyl | Vpop ch\u00ednh h\u00e3ng","isPartOf":{"@id":"https:\/\/amnhactutraitim.azdigi.shop\/#website"},"primaryImageOfPage":{"@id":"https:\/\/amnhactutraitim.azdigi.shop\/index.php\/san-pham\/bau-troi-moi-da-lab\/#primaryimage"},"image":{"@id":"https:\/\/amnhactutraitim.azdigi.shop\/index.php\/san-pham\/bau-troi-moi-da-lab\/#primaryimage"},"thumbnailUrl":"https:\/\/amnhactutraitim.azdigi.shop\/wp-content\/uploads\/2026\/04\/Screenshot-2026-04-05-123141.png","datePublished":"2026-04-05T05:33:29+00:00","dateModified":"2026-04-05T09:29:32+00:00","description":"Mua B\u1ea7u Tr\u1eddi M\u1edbi Da LAB vinyl CD Vpop ch\u00ednh h\u00e3ng t\u1ea1i Lovmusikal. \u00c2m thanh ch\u1ea5t l\u01b0\u1ee3ng, phong c\u00e1ch vintage, ph\u00f9 h\u1ee3p s\u01b0u t\u1ea7m.","breadcrumb":{"@id":"https:\/\/amnhactutraitim.azdigi.shop\/index.php\/san-pham\/bau-troi-moi-da-lab\/#breadcrumb"},"inLanguage":"vi","potentialAction":[{"@type":"ReadAction","target":["https:\/\/amnhactutraitim.azdigi.shop\/index.php\/san-pham\/bau-troi-moi-da-lab\/"]}]},{"@type":"ImageObject","inLanguage":"vi","@id":"https:\/\/amnhactutraitim.azdigi.shop\/index.php\/san-pham\/bau-troi-moi-da-lab\/#primaryimage","url":"https:\/\/amnhactutraitim.azdigi.shop\/wp-content\/uploads\/2026\/04\/Screenshot-2026-04-05-123141.png","contentUrl":"https:\/\/amnhactutraitim.azdigi.shop\/wp-content\/uploads\/2026\/04\/Screenshot-2026-04-05-123141.png","width":1070,"height":1044},{"@type":"BreadcrumbList","@id":"https:\/\/amnhactutraitim.azdigi.shop\/index.php\/san-pham\/bau-troi-moi-da-lab\/#breadcrumb","itemListElement":[{"@type":"ListItem","position":1,"name":"Trang ch\u1ee7","item":"https:\/\/amnhactutraitim.azdigi.shop\/"},{"@type":"ListItem","position":2,"name":"C\u1eeda h\u00e0ng","item":"https:\/\/amnhactutraitim.azdigi.shop\/index.php\/cua-hang\/"},{"@type":"ListItem","position":3,"name":"\u0110\u0129a than B\u1ea7u Tr\u1eddi M\u1edbi \u2013 Da LAB ch\u00ednh h\u00e3ng \/ VINYL VPOP"}]},{"@type":"WebSite","@id":"https:\/\/amnhactutraitim.azdigi.shop\/#website","url":"https:\/\/amnhactutraitim.azdigi.shop\/","name":"lovmusikal","description":"","publisher":{"@id":"https:\/\/amnhactutraitim.azdigi.shop\/#\/schema\/person\/6ec643dfb875a76797cf91ad6b84a153"},"potentialAction":[{"@type":"SearchAction","target":{"@type":"EntryPoint","urlTemplate":"https:\/\/amnhactutraitim.azdigi.shop\/?s={search_term_string}"},"query-input":{"@type":"PropertyValueSpecification","valueRequired":true,"valueName":"search_term_string"}}],"inLanguage":"vi"},{"@type":["Person","Organization"],"@id":"https:\/\/amnhactutraitim.azdigi.shop\/#\/schema\/person\/6ec643dfb875a76797cf91ad6b84a153","name":"ngdiemtrinh","image":{"@type":"ImageObject","inLanguage":"vi","@id":"https:\/\/amnhactutraitim.azdigi.shop\/#\/schema\/person\/image\/","url":"https:\/\/amnhactutraitim.azdigi.shop\/wp-content\/uploads\/2026\/01\/logo-shop-2.jpg","contentUrl":"https:\/\/amnhactutraitim.azdigi.shop\/wp-content\/uploads\/2026\/01\/logo-shop-2.jpg","width":1024,"height":1024,"caption":"ngdiemtrinh"},"logo":{"@id":"https:\/\/amnhactutraitim.azdigi.shop\/#\/schema\/person\/image\/"},"sameAs":["https:\/\/amnhactutraitim.azdigi.shop"]}]}},"_links":{"self":[{"href":"https:\/\/amnhactutraitim.azdigi.shop\/index.php\/wp-json\/wp\/v2\/product\/709","targetHints":{"allow":["GET"]}}],"collection":[{"href":"https:\/\/amnhactutraitim.azdigi.shop\/index.php\/wp-json\/wp\/v2\/product"}],"about":[{"href":"https:\/\/amnhactutraitim.azdigi.shop\/index.php\/wp-json\/wp\/v2\/types\/product"}],"replies":[{"embeddable":true,"href":"https:\/\/amnhactutraitim.azdigi.shop\/index.php\/wp-json\/wp\/v2\/comments?post=709"}],"wp:featuredmedia":[{"embeddable":true,"href":"https:\/\/amnhactutraitim.azdigi.shop\/index.php\/wp-json\/wp\/v2\/media\/713"}],"wp:attachment":[{"href":"https:\/\/amnhactutraitim.azdigi.shop\/index.php\/wp-json\/wp\/v2\/media?parent=709"}],"wp:term":[{"taxonomy":"product_brand","embeddable":true,"href":"https:\/\/amnhactutraitim.azdigi.shop\/index.php\/wp-json\/wp\/v2\/product_brand?post=709"},{"taxonomy":"product_cat","embeddable":true,"href":"https:\/\/amnhactutraitim.azdigi.shop\/index.php\/wp-json\/wp\/v2\/product_cat?post=709"},{"taxonomy":"product_tag","embeddable":true,"href":"https:\/\/amnhactutraitim.azdigi.shop\/index.php\/wp-json\/wp\/v2\/product_tag?post=709"}],"curies":[{"name":"wp","href":"https:\/\/api.w.org\/{rel}","templated":true}]}}